-10 - -4) + 8 + -4) - -32.
28
What is -16 - (2 - 8) - -5?
-5
Evaluate (4 - -7) + -18 + 32.
25
-7 - (3 + 21) - -12
-19
Calculate 6 - (-15 + 9 + 5).
7
What is the value of (2 - -27) + -20 - 25?
-16
8 + 1 + -4 + -2 - -5 - 0
8
Calculate (24 - (-9 + -2)) + -17.
18
36 + -7 - (-19 - -31)
17
What is (7 - (-12 + 20)) + -16 + 0 + 5?
-12
What is the value of -43 + -6 + (10 - -8)?
-31
Calculate 11 + (4 + -14 - (20 + -33)).
14
56 - (45 + -3) - -23
37
What is the value of 9 + -12 + 1 + (194 - 181)?
11
Calculate 38 + -21 + 7 + -10.
14
Calculate (4 - -13 - 16) + -6.
-5
What is (-10 - (38 + -34 - (4 + 1))) + 6?
-3
What is the value of 4 - (-6 - (-9 + -16 - (-1 - 3)))?
-11
What is the value of (11 - (1 - 0)) + (295 - 295) - -11?
21
What is (-9 - -12 - -7) + -4?
6
Calculate 24 + -11 - 5 - -1.
9
What is (-43 - -30) + 5 + 12 - 5?
-1
What is the value of 12 + (4 - (11 - 3)) + 0 + 0?
8
Calculate (75 - 24) + (-27 - -1).
25
-13 + 19 - 17 - -26
15
What is the value of (-20 - (10 - 15)) + (0 + -3 - 7)?
-25
What is the value of -10 + (-2 - (8 - 6 - -5))?
-19
16 + (-17 - -6) - 2
3
What is 0 + -5 - (-3 - (-18 + 11 + -6))?
-15
Calculate -41 - ((7 - -5) + -17 + 0).
-36
Evaluate -4 + 13 + (-13 - 4).
-8
What is the value of 20 + -13 + 5 + (-16 - 1)?
-5
What is -7 - (2 + -4 + -8)?
3
What is the value of 1 + 9 - (-23 + 54 + -34 + 20)?
-7
What is the value of 2 + 8 + (9 - 5 - 8)?
6
(0 - 0) + -25 + 16
-9
Evaluate -23 - (-14 - -7) - -18.
2
Evaluate (84 - (66 + -44)) + -23.
39
Evaluate (0 - 13) + (-41 - (-23 - 44)).
13
What is the value of -1 + 0 - 1 - ((-58 - -10) + 45)?
1
Calculate (2 - -26) + 64 + -74 + (0 - 6).
12
3 - (-8 + 8 + (-8 - (6 - 5)))
12
-8 + (14 - (-6 + 8)) + (-1 - 8)
-5
Evaluate (2 + 3 + 0 - 3) + 3.
5
5 - (5 + -1 + 1 + -7)
7
Evaluate 0 + (-1 - (-13 - -12)).
0
What is -9 + 0 + 11 + 1 - -9?
12
Evaluate -2 - (2 - 6 - (9 - (22 - 8))).
-3
What is (1 - 36) + (-51 - (22 - 87))?
-21
What is the value of -6 - (82 + -79 + (1 - (-1 + 2)))?
-9
What is -11 + 7 + -11 + 13?
-2
Calculate 7 + -27 - (-26 - -2).
4
Calculate -9 + 1 - (-50 + 51).
-9
Evaluate 7 - (21 + (-9 - (4 + -12))).
-13
Calculate -9 + -1 + -6 + 8.
-8
What is the value of 18 - (10 - -1) - 14?
-7
(78 - 95) + (-2 - -3) + (-2 - 0)
-18
Calculate (0 - 44) + -1535 + 1562.
-17
-3 - (53 - (16 + 5))
-35
Calculate (7 - (4 + 1)) + -2 + -6.
-6
0 + 0 + (-18 - -25)
7
What is (-1 - 3 - -4) + (-40 - (6 - 6))?
-40
What is the value of 7 - (-3 + -1 + 11 + 0)?
0
What is the value of (1 - 13) + 27 - 28?
-13
39 + 1 + (-2 - -14 - 24) + 6
34
What is -5 - (-28 - (4 + -9))?
18
What is (-8 + -2 - -8) + 2 + 6?
6
What is -13 - -1 - (13 - (-12 - -22)) - -4?
-11
Calculate -31 + 15 - -18 - 32.
-30
-33 + (-9 - 0 - (1 - (16 - 8)))
-35
What is 1 + 0 + -11 - (-8 - (-8 - -2))?
-8
What is 3 + 16 + (7 - 8) + (7 - 16)?
9
What is 12 - (-18 + 19 + 16)?
-5
What is the value of (-25 - ((-7 - -5) + -3)) + 12?
-8
3 + -3 + 8 + -3 + -3 + -18
-16
17 + -17 + -8 + (3 - 1 - 1)
-7
Evaluate 4 - (-2 + -1 + 2 + (45 - 46)).
6
-2 - (7 - (5 + -3) - 9 - -1)
1
-6 + (-13 + (19 - 7) - 4)
-11
Calculate 1 + 8 + (-77 - -26) + 43.
1
Calculate ((-4 - (-7 - 9)) + 0 - 6) + 4.
10
What is the value of 2 + -3 - 2 - (1910 - 1906)?
-7
What is the value of -1 + 1 + -7 + 1 + (10 - 19)?
-15
Evaluate (-188 - -203) + 2 + -3.
14
What is the value of -6 + 1 + -5 - -15?
5
Evaluate 3 - (-2 + -3 - 7) - (22 - 16).
9
Evaluate 0 - -35 - (1878 + -1834).
-9
What is (-15 - (24 + -27)) + 27?
15
Calculate -1 - -14 - (19 - (-29 - -51)).
16
-12 - -22 - 28 - -26 - (0 + -10)
18
Calculate -48 - 16 - -59 - (-14 - (-1 - -2)).
10
What is (12 - (11 + -3 - -1)) + (1 - 2)?
2
Evaluate -14 - (-22 + 21) - -13.
0
Calculate 3 + 0 + (-2 - -5) - -1.
7
Evaluate (2 - ((23 - 14) + 2)) + 18.
9
25 + (-10 - (12 + -2 + -10)) + -1
14
Calculate 28 + 0 + (-6 - (3 - -4)).
15
Evaluate 8 - (6 - -17) - -1 - 5.
-19
Evaluate (-2 - 7) + -3 - 16.
-28
7 + 2 + -10 + -6
-7
(-2 - -1) + 278 + -264
13
What is 4 + 2 + (4 + 2 - (25 - 16))?
3
Calculate -12 + (0 - -12) + 14.
14
Calculate 10 + (3 - (16 - (7 - 10))).
-6
Evaluate 11 + -8 + -4 + 6 + 9 + 2.
16
Evaluate -15 + -32 + 21 + 41.
15
-85 + 37 + 32 + -7
-23
Evaluate 0 + (6 - 6) + -5 - (-2 - 3).
0
Calculate 1080 + -1077 - (3 - (-1 + 2)).
1
Calculate 2 + -5 + (2 - (9 + -19)).
9
Calculate (5 - (9 + -6)) + 24 + (7 - 15).
18
Calculate 2002 - 1980 - (-1 - -20).
3
Evaluate 0 + -5 + -1 - (110 + -112).
-4
Calculate -52 + -3 + 73 - (1 - (-5 + -1)).
11
What is the value of 19 + -16 - (11 - 6) - (-6 - 0)?
4
What is (-4 - -3) + -18 - (83 + -85)?
-17
What is the value of 22 + -24 - -4 - (0 + 5 + -1)?
-2
What is the value of -3 + 3 + 3 + -2 + -5?
-4
What is the value of 6 + (-4 - (-9 + -3)) + -9 - 4?
1
-8 + (-16 + 1 + 14 - -12)
3
Calculate (-131 - -142) + -4 + 1 + 1.
9
What is (-38 - -15) + 34 + -30?
-19
0 - -25 - (10 - (-19 + 14 + 15))
25
22 + 0 + (-1 - 12) - 7
2
What is the value of 8 - (0 + (-12 - -3) - -21)?
-4
What is the value of 5 + (-10 + (0 - -27) - (-1 + 8))?
15
What is -1 + -33 - (29 + -22 + -38 + 20)?
-23
Evaluate 20 - (-16 - (16 - 78 - -16)).
-10
Evaluate 5 - (8 - -6) - ((0 - -2) + 2).
-13
What is -2 - (-52 + 14 + 0)?
36
Calculate -4 - (1 + (2 - 1 - -4) + 0).
-10
Evaluate -23 - (-19 + -36 + 10).
22
What is -50 - (42 - 74) - (6 - 0)?
-24
Calculate 19 + -26 + (-10 - (5 - 43)).
21
What is the value of -3 - ((11 - 5) + 4 + 0)?
-13
Calculate ((0 - -8) + -16 - -7) + 14.
13
Evaluate (3 - -22) + (-49 - -3).
-21
What is the value of -9 + (-1 - -8) - (3 + -3 + -2)?
0
What is 1 + -11 - ((-45 - -16) + 18)?
1
Calculate (9 + (-5 - (7 + -4)) - -4) + -12.
-7
-4 + (9 - 11 - 9 - -7)
-8
What is the value of 63 + -76 + (12 - 4)?
-5
Evaluate 0 + 6 + -27 + 7.
-14
Calculate -53 + 0 - (424 - 460).
-17
Evaluate 2 - (1 - -11) - ((-49 - 36) + 46).
29
Calculate -6 + (4 - 14) + 8.
-8
What is 27 - (12 + 1 - 11)?
25
Calculate -2 + (2 - 0) + 0 - (-111 - -124).
-13
What is -10 - (0 + -8 - 5)?
3
What is (2 + -3 - -11) + -11 - 9?
-10
Calculate (0 - 28) + (7 - (-6 - (-14 - -9))).
-20
5 + 2 + (-9 - (16 + 8)) + 11
-15
What is 2 - ((38 - 36) + (2 - 4) + 5)?
-3
Calculate (0 - 17) + (1161 - 1119).
25
(-6 - 7) + 10 - ((-8 - 0) + 0)
5
8 + -6 + -6 + 12
8
What is the value of -5 + (-7 - -11) + -5 + 11 + -3?
2
Evaluate (-18 - (-61 + 31)) + -1 + 1.
12
What is 13 - (28 - 21 - 16)?
22
What is 1 - 1 - -2 - (26 + -20 + -5)?
1
Evaluate 4 + -10 + 6 + (25 - (7 + 0)).
18
What is -27 + (12 - (-3 - -9 - 11))?
-10
What is the value of (-20 - -10 - -12) + (-3 - 6 - 2)?
-9
What is the value of -3 + 26 - 27 - (2 + -1 + -6)?
1
Evaluate -17 + (0 + -6 - -6) - -27.
10
Calculate (-6 - (7 - -19)) + 14.
-18
What is the value of -4 - (-3 + 5 - (5 + -1))?
-2
Calculate -6 - -29 - (4 + 6 + 4).
9
Calculate (5 - 11) + 3 + 1 + 14.
12
Evaluate 34 + -15 + 1 + -2 + 6.
24
Evaluate 0 + 0 + (9 + -31 - (2 + -17)).
-7
Calculate -17 + 20 - 3 - 1.
-1
What is the value of (-1 - (-15 + 1)) + (-39 - (-51 - -16))?
9
(5 - -3 - 3) + (-4 - -18 - -9)
28
What is -17 - (0 - 6) - (63 + -56)?
-18
Calculate -1 + -5 - (-2 - (3 - (-7 - -6))).
0
Evaluate 151 - 151 - (0 + -2) - 14.
-12
Evaluate (-2 - -1) + (72 - 67).
4
(32 - 15) + -6 + 4 - 0
15
-28 - (1 + 3 + 6 + (26 - 35))
-29
Evaluate (-6 + -6 - (-18 + 2 - -5)) + -4.
-5
Evaluate -13 + 18 + (-12 - -6) + -3.
-4
What is (-8 - (2 - 0 - 10)) + -2?
-2
-324 - -308 - (-15 - -1)
-2
Evaluate -7 + -5 + 24 - (1 - -16).
-5
Evaluate -8 - 24 - -22 - (-13 - (-1 + -1)).
1
-43 - (-10 - -16 - (-4 + 25))
-28
Evaluate -81 - -80 - (-3 - 0) - (-1 - -12).
-9
Calculate -12 - (-15 + 1 + 17 - 36).
21
Evaluate (-1 - 0 - (-13 - -9)) + 4 - 4.
3
What is -20 + 24 + 18 + -18?
4
Calculate 43 - (24 - 9 - -10).
18
Evaluate 159 + -116 - (38 - -6).
-1
Evaluate 3 - (6 + -13 + 1) - 3.
6
What is the value of (-11 - (-6 + 10) - -5) + -17?
-27
What is the value of 8 - (-10 + 1 - (26 + -32))?
11
What is -4 + -21 + 27 - -7?
9
Calculate (-3 - -9 - 0) + (-48 - -47) + -2.
3
What is 18 + -3 + 3 + 4 + -11?
11
Calculate 22 + (17 - -1) + (-314 - -311).
37
Calculate (-25 - -56) + -6 - 34.
-9
What is (174 - 164) + (-8 - -2) + 2?
6
Calculate -77 - -67 - (-15 + -1).
6
17 + 13 + -26 + (-2 - -6)
8
Evaluate -24 + 6 + 6 + 3 + 0.
-9
What is the value of (3 - 7) + (-6 - (-2 + -28))?
20
What is the value of (14 - (41 + -24)) + (4 - 18)?
-17
Evaluate 269 + -277 + 21 + 0.
13
Calculate -9 - (-13 - -6) - (7 - -1